) = -k**2 + 3*k - 4. Let i(q) = 2*q**2 + 18*q + 2. Let x be i(-9). Suppose -5*p = -x*p, p + 8 = 2*v. What is w(v)?
-8
Let b(g) = -11 - 15*g**3 - 8*g + 23*g**3 + 10*g**2 - 4*g**3 - 5*g**3. Give b(9).
-2
Suppose 7 = 7*b + 28. Let d be b + 7 + 0/(-1). Let f(p) = p**3 - 5*p**2 + 2*p + 5. What is f(d)?
-3
Let y = 42 + -40. Let x(l) = 50*l**3 + 3*l - 102*l**3 + 53*l**3 + l**y - 5*l**2. Determine x(3).
0
Let r(p) = -6*p - 3. Let w(b) = -7*b - 3. Let z(l) = -5*r(l) + 4*w(l). Let q(g) = -2*g + 39. Let i be q(22). What is z(i)?
-7
Let v(g) = 258*g - 91*g - 136*g. What is v(1)?
31
Let w(i) be the first derivative of i**3/3 - 3*i**2/2 + 2*i + 267. Let k(l) = l**2 - l. Let o be k(0). Suppose 2*d = -o*f + 5*f - 12, 3 = 3*f + 3*d. Give w(f).
0
Let v(y) = -6*y**2 - 3*y + 5. Let a(s) = -7*s**2 - 2*s + 6. Let l(k) = -5*a(k) + 6*v(k). Suppose -z = 109 - 101. Determine l(z).
0
Let b(l) = l - 1. Let a(i) = -i**3 - 8*i**2 - 11*i + 11. Let q(x) = a(x) + 5*b(x). Let t be ((-2)/((-30)/(-35)))/(4/12). Determine q(t).
-1
Let b(h) = -72 - 2*h + 4*h + 70. Give b(-3).
-8
Let v(i) = 4*i + 1. Suppose -52 = -3*z - 4*y, -5*y + 2 = -3. Suppose 6*d = 2*d + z. Let k = d + -5. Calculate v(k).
-3
Let j(q) be the second derivative of -q**4/12 - 5*q**3/6 - q**2/2 - q. Let s(v) = -176*v - 1237. Let g be s(-7). Give j(g).
-1
Let c(v) = 37 - 53 + 30 - 5*v. Give c(-10).
64
Let m(q) = -15*q**3 - 5*q**2 + 14*q + 10. Let y(g) = 7*g**3 + 2*g**2 - 6*g - 5. Let z(j) = 6*m(j) + 13*y(j). What is z(3)?
4
Let z(u) = u - 1. Let s be z(7). Let l(p) = -s*p**2 - 2*p**3 - p**2 + p + 3*p**3 - 1 - 8. Calculate l(7).
-2
Suppose 8*q = -4*g + 3*q - 12, -3*g - 4*q - 10 = 0. Suppose 0 = -6*x - 34 - g. Let f(c) be the third derivative of -c**4/8 - 5*c**3/6 + c**2. What is f(x)?
13
Let y(w) = -w**3 + 7*w**2 - 4*w. Let m = -123 - -129. What is y(m)?
12
Let x be (8/12)/((-4)/78). Let j = x + 13. Let n(g) = g + 1 - 2 + 7 + j. Give n(0).
6
Let d(f) = -2*f**2 + 2*f**2 + 3*f**2 - 4*f - 11 - 6*f**2 + 4*f**2. Give d(4).
-11
Suppose -2*y + 11*r - 6*r = 176, -5*y + 4*r - 457 = 0. Let b = y - -89. Let w(q) = -q**3 - 5*q**2 - q. What is w(b)?
-12
Let t(m) be the third derivative of m**7/5040 - m**6/120 + 19*m**5/60 - 5*m**2. Let k(p) be the third derivative of t(p). What is k(8)?
2
Let q(y) be the third derivative of y**5/30 + y**4/8 - 2*y**3/3 + 4*y**2. Let v be q(-3). Let h(i) = -v + 2 + 5*i - 4*i - 3*i. What is h(-4)?
5
Suppose -5*m - 16 = 2*l, -3*m + 4*m + 14 = -4*l. Let t(r) = -2*r**2 - 4*r - 3. Give t(l).
-9
Let s(o) = -o**3 + 16. Suppose 5*v + 75*p - 12 = 72*p, 16 = -4*v + 4*p. Give s(v).
16
Let g(p) be the first derivative of -p**4/8 - 7*p**2/2 - 20. Let v(l) be the second derivative of g(l). Give v(4).
-12
Let f(y) = 173*y - 60*y + 7 - 57*y - 57*y. Let i be (1 + -1)/(1 + 1). Calculate f(i).
7
Let j(l) = -35*l - l**2 + 18*l + 13 + 14*l. Let w be j(3). Let p(d) = -d**2 - 2*d + 2. Calculate p(w).
-13
Suppose 4*b = g + 25, 3*b - 3*g = 2*b + 20. Let n = b + -11. Let w(x) = -16*x**2 - 1 + 11*x**2 + 5*x - x**3 + 2*x. What is w(n)?
-7
Let c(w) = -w**2 + 14*w + 3. Let n(i) = 2*i - 1. Let a(j) = -c(j) + 4*n(j). Suppose -5*d = -3*z + 41, -9 + 0 = z + 4*d. Calculate a(z).
0
Let d(m) be the first derivative of 31 - 1/3*m**3 + 20*m + 0*m**2. Determine d(0).
20
Let f(s) = 23 + 3*s - 7 + 7*s - 8*s + 2*s. Give f(-7).
-12
Let k be 16 + (-3 - (0 - 5)). Suppose -2*r - 3*r - 2*z - k = 0, -r + z - 5 = 0. Let s be (-2 - -8)*2/r. Let a(y) = y**3 + 4*y**2 + 2. Determine a(s).
11
Suppose 0 = -14*p - 188 + 216. Let g(r) = -r**2 + 3*r - 2. Give g(p).
0
Let z(c) be the third derivative of -7*c**4/24 + c**3/2 - 18*c**2 - 2*c. Let i = -43 - -27. Let j be 10/(-4)*i/20. Determine z(j).
-11
Let v(n) = n - 3 - 1 + 2 + 5. Suppose 4*z - 2*m - 8 = 0, -2*z + 4*z = 4*m + 4. Suppose c + z = -i - 7, 3*c = 4*i + 15. Determine v(i).
-3
Let a = 29 - 25. Let c(l) = l - 4. Let m(x) = 2*x - 5. Let n(k) = a*m(k) - 5*c(k). Calculate n(-1).
-3
Let s(a) = -9*a. Let r(k) = 7*k. Let h(b) = -5*r(b) - 4*s(b). What is h(-7)?
-7
Let m(l) be the third derivative of -l**7/5040 - l**6/144 + l**5/4 + 13*l**2. Let j(d) be the third derivative of m(d). Give j(-6).
1
Let l(u) = -19*u + 2. Let h(o) = 34*o - 3. Let z(b) = -4*h(b) - 7*l(b). Let r(a) = 3 + 2*a + 2*a - 2. Let n(m) = -2*r(m) - 3*z(m). What is n(-3)?
1
Let c(k) = -35*k + 32. Let r(s) = -6*s + 1. Let g(q) = -c(q) + 6*r(q). Calculate g(-20).
-6
Let i(t) = -6*t - 89. Let q be i(-16). Let p(y) = -y + 3. Calculate p(q).
-4
Let q(j) = j**2 - 5*j + 6. Let d be q(4). Let g(l) = -l**2 + l. Let v(w) = w**2 - 16*w - 9*w + 1 + 25*w. Let b(f) = -2*g(f) + v(f). What is b(d)?
9
Let t(p) be the first derivative of p**3/3 - p**2/2 - p - 16. Let k(s) = -4*s**2 + 0*s**2 - 2*s - s**2 - 2. Let z(o) = -k(o) + 3*t(o). Calculate z(-1).
8
Let t(q) = 4 - 8*q - 10*q**2 + 1 + 9*q**2 + 2*q. Give t(-5).
10
Let x = 991 - 986. Let z(h) = -4*h**3 + 3*h**2 - 7*h + 1. Let l(o) = 3*o**3 - 4*o**2 + 7*o. Let m(w) = -3*l(w) - 2*z(w). Calculate m(x).
-12
Let c(y) = -3*y + 2. Let r(p) = -p - 1. Let f(o) = 2*c(o) - 2*r(o). Let a be (-1)/(-3 - 33/(-12)). Give f(a).
-10
Let i(a) = a**3 + a + 7. Suppose -5*v + 8*v = 150. Let u = 35 - v. Let l = u + 15. Calculate i(l).
7
Let g(w) = w**2 + 6*w - 3. Let k be (5/(-4))/(9/(-36)). Let x be 3 + -1 + 0 - -1. Suppose 14 = -p - x*p + k*s, 0 = 4*p - 2*s + 20. What is g(p)?
-3
Suppose -3*p + 674*f - 671*f = -12, 4*f + 43 = -5*p. Let o(j) = j**3 - j**2 - j - 1. Let g(k) = 4*k**3 - 8*k**2 - 2*k - 5. Let v(u) = g(u) - 6*o(u). Give v(p).
25
Let g(m) be the first derivative of -m**3/3 - 5*m**2/2 - 3*m - 4164. Let t = 6 - 10. Give g(t).
1
Let d(q) be the third derivative of -4*q**2 + 0*q + 0 - 1/6*q**3 - 1/12*q**4. Let o(s) = s - 12. Let u be o(8). What is d(u)?
7
Let a be (3/9 - 0)*6. Suppose 4*t + a + 6 = 2*p, -3*p + 4*t = -10. Let z(c) = -4*c**3 + 4*c**2 - 2*c. What is z(p)?
-20
Let l = -2604 - -2597. Let k(s) = -s**3 - 6*s**2 + 11*s + 25. Give k(l).
-3
Let o(a) = 5 + 0*a + 2*a - a + 2*a + a + 3*a**2. Determine o(-2).
9
Let l be ((-4)/(-1) - 4)/(-4). Suppose -4*t + 2*d - 12 + l = 0, -3*t - 14 = -4*d. Let u(b) = 2*b**3 + 3*b**2 + b + 1. Give u(t).
-5
Let l(z) = z**3 + 3974*z**2 + 5 - 7953*z**2 + 3974*z**2 + 3*z. What is l(3)?
-4
Suppose -4*s - s + 5 = 0. Let v(i) = -2*i + 3 - i**2 - s + 3*i + 1. Calculate v(0).
3
Let x(v) = v**2 - 3*v - 13. Suppose -2*k = -5*y - 22, -32 + 12 = -2*k + 4*y. What is x(k)?
5
Let s(c) be the second derivative of -c**5/20 + 5*c**4/12 + c**3/2 + 5*c**2/2 - c - 83. Give s(6).
-13
Suppose 30 = -3*b + 6. Let t(u) = -5*u**3 + 18*u**2 - 19*u - 16. Let y(j) = 2*j**3 - 6*j**2 + 6*j + 5. Let o(a) = b*y(a) - 3*t(a). Give o(-7).
-6
Let p(z) = 4 - 13*z - 1 - 6 + 11*z. Calculate p(-5).
7
Let c(w) be the third derivative of w**5/60 + w**4/24 - 4*w**3/3 + 136*w**2. Determine c(6).
34
Let y(j) = j**3 - 6*j**2 + 5*j + 4. Let u(t) = t**2 - 27*t + 173. Let d be u(10). Give y(d).
-8
Let p = -2 + 4. Let t(w) = 5*w - 35121*w**2 + 35122*w**2 - w**3 - 3*w. Calculate t(p).
0
Suppose -7*g + 175 = -2*g. Suppose 3*y - g = 10*y. Let i(h) = -2*h - 7. Determine i(y).
3
Suppose 5*k + 16 = -3*u, -2*u = 2*k - 8 + 20. Let a(z) = 1161*z**2 + 1165*z**2 + 7*z + 1165*z**2 - 3490*z**2 + 8. Give a(u).
8
Let s(o) be the third derivative of o**5/6 + o**3/6 - o**2 - 49. Give s(1).
11
Let z be 1*-1 + 3 + -4. Let b(n) be the first derivative of 0*n**3 - n + 1/2*n**2 - 16 - 1/4*n**4. Determine b(z).
5
Suppose -2*j = 4*j + 18. Suppose -3*c - 4*v + 8 - 24 = 0, 0 = -c + v + 4. Let k(f) = -3*f + 0*f + f + c + 2. Calculate k(j).
8
Suppose 4*z + 2*k = 5*z + 2, z = 3*k - 3. Let h be (-2)/2 + 3 - -7. Let s(p) = -2*p**3 - p - h*p**2 + p**3 - 8 + 8*p**2. Give s(z).
-8
Suppose b + 4 = 8. Let p be (-13)/b - (-4)/16. Let g(l) be the first derivative of l**4/4 + 5*l**3/3 + 3*l**2/2 - 3*l - 6. Calculate g(p).
6
Let p(w) be the second derivative of -w**4/4 - w**3/2 + 10*w - 4. Calculate p(-2).
-6
Suppose 3 + 7 = -2*u. Let o(q) = -5*q + 34 - q**3 - 32 - 5*q**2 + 3*q. What is o(u)?
12
Let l(u) = -4*u**3 + u**2 + u + 1. Suppose -24*y - 8 = 16. Calculate l(y).
5
Let b(t) = 4*t**3 + t**2 - 2*t + 1. Let y(p) = -2*p**2 - 30*p - 1. Let i be y(-12). Let c = i - 70. Calculate b(c).
4
Let q = -24 + 43. Suppose 5*j - 5*g - q = -2*g, 4*j - 2*g = 14. Let w(y) = -y**3 + 3